.
26
Let a be 12/(-24) + 171/6. Suppose 2*w + g - a = 0, 4*w - 4*g = -w + 70. What is the greatest common divisor of 6 and w?
2
Suppose 8968 = 3*n - 0*n + 2*p, 0 = n - 5*p - 3012. Suppose -14*c - 3*c = -n. Calculate the highest common factor of c and 32.
16
Let t be (-3*(-52)/(-78))/(2/(-7786)). Calculate the greatest common factor of 34 and t.
34
Let w = 322 + -12. Calculate the highest common factor of w and 434.
62
Suppose 3*f - 14058 = -3*d, -4*f + 9378 = -294*d + 296*d. Calculate the highest common factor of 21 and d.
21
Let p be (-34)/8*-1 + 32/(-128). Suppose 60 = p*l - l. Let w be 16/2 - (4/1 + 0). Calculate the highest common divisor of w and l.
4
Suppose 336 = 5681*q - 5667*q. What is the greatest common divisor of 2696 and q?
8
Suppose -29*d = 2475 - 54936. Calculate the greatest common factor of d and 938.
67
Suppose -25*j + 893 = -582. Suppose 166 = j*a - 70. Calculate the highest common divisor of a and 172.
4
Let g = -16612 + 11539. Let k be (-2)/(-1)*g/(-178). Calculate the greatest common factor of 15 and k.
3
Let d = -2327 - -2502. Calculate the greatest common divisor of d and 105.
35
Suppose 276*z - 36 = -3*x + 275*z, 0 = -x + 4*z - 1. What is the greatest common factor of 34672 and x?
11
Let z be 102/119 + 5518/14. Let j be (-1 + -5)/((-237)/z). Let x be 40/(-4)*(1 + -2). What is the highest common factor of x and j?
10
Let c(h) = 8*h + 765. Let y be c(-36). Calculate the greatest common factor of 106 and y.
53
Let i(s) = -s + 93. Let o(l) = -l + 49. Let j be o(46). Let h be i(j). What is the highest common factor of h and 18?
18
Let z(g) = -2*g**2 - 123*g + 21682. Let l be z(0). What is the greatest common factor of l and 74?
74
Let s = 21390 - 17947. What is the greatest common divisor of s and 88?
11
Suppose 3*s - 3*r - 64 = s, 2*s - 64 = -2*r. Suppose 954*t + 696*t - 3310425 = -828825. Calculate the greatest common factor of t and s.
32
Let z be 999/(-108)*-6*2. What is the highest common factor of 16761 and z?
111
Let n(j) = -6*j + 32. Let w be n(4). Let a be 3 + 1*(w + -2). What is the greatest common divisor of 9 and a?
9
Let p = 208 - -261. Let o = -301 + p. What is the greatest common factor of 392 and o?
56
Suppose 45*y + 5*y - 70550 = -0*y. Calculate the greatest common factor of y and 119.
17
Let m = -10032 - -10040. What is the highest common divisor of 1688 and m?
8
Suppose -266 = 3*v - 0*v - 1658. Calculate the highest common factor of v and 1972.
116
Let a be (-48)/(-10) + (276/115)/(-3 - 0). What is the highest common divisor of 8452 and a?
4
Suppose 4*u = 47*u - 3870. Calculate the greatest common factor of 486 and u.
18
Let d = -4906 + 4955. What is the greatest common divisor of 5194 and d?
49
Let w be 2/7 - (-3044)/28. Suppose -273 = -5*j + 3*l, 0 = -3*j + j + l + w. Let r = 31 - 13. What is the greatest common factor of j and r?
18
Let m be 52/5 + (-6)/10*-1. Suppose -14*s + m*s = -60. What is the greatest common factor of 10 and s?
10
Suppose 16*u = -147 + 739. What is the highest common divisor of u and 666?
37
Let b(s) = 91*s. Let i be b(1). Let c = 11085 - 11059. What is the highest common divisor of i and c?
13
Suppose 585262 + 2203406 = 171*x. What is the greatest common factor of 108 and x?
108
Suppose 0 = -4*x - 20, 2*g + 73 = g + x. Let m = 19 - 88. Let a = m - g. Calculate the greatest common divisor of 90 and a.
9
Suppose -93*c - 997 + 10512 = 587. Calculate the greatest common divisor of 72 and c.
24
Suppose -5*a + 360 = -0*a. Let j(m) = -6*m - 15. Let r = -40 - -36. Let v be j(r). Calculate the greatest common factor of a and v.
9
Suppose 4*m = 3*w - 11, -3*w + 4 = 5*m - 16. Suppose -w*z - p + 2*p = -870, -4*p = -20. What is the highest common factor of z and 25?
25
Let v(u) = 3*u**2 + 5*u - 56. Let c be v(-19). Suppose -916 = -4*q - 2*s, -12*q + c = -8*q - 2*s. Calculate the highest common factor of 21 and q.
21
Let v = -16904 - -22591. Calculate the greatest common factor of 121 and v.
121
Let j(x) = x**2 - 1. Let g(q) = 65*q**2 + 7*q. Let o(y) = g(y) + 5*j(y). Let i be o(-2). What is the greatest common factor of i and 9?
9
Let i be (-778)/(-4) + (-4)/8. Let l = 252 - i. What is the highest common factor of 928 and l?
58
Let k(v) = v**3 - 13*v**2 - 13*v + 1. Let c be k(14). Suppose -c*h = -11*h - 24. What is the highest common divisor of 102 and h?
6
Suppose -5*y = 2*p + p - 52, -3*p = -3*y + 12. Suppose -y*z = -z + 651. Let s = z - -112. What is the greatest common divisor of 95 and s?
19
Suppose 7*k + 96*k - 19776 = 0. What is the highest common divisor of 456 and k?
24
Suppose -47 - 1 = -4*l. Let i be (-15)/2*-4*(-2)/l. Let o be -5*(3/(-15) + 11/i). Calculate the greatest common divisor of 84 and o.
12
Let h(t) = 57*t**2 + 8*t + 8. Let j be h(-2). Let c = j + 77. Suppose 6*w - 241 = -43. Calculate the greatest common divisor of w and c.
33
Let z = -31 + 61. Let x be 3/2*(-1 - -3). Suppose x*q + w = 355, 4*q = 2*w + 691 - 201. Calculate the greatest common factor of q and z.
30
Suppose -4*i = -b + 34, -2*b - 152 = -5*b + 2*i. Suppose -4*f - 10 = -6*f. Let d be (1*(-59 + f))/(-2 - 0). What is the greatest common factor of b and d?
27
Suppose -81*h = -9*h + 436 - 1732. What is the greatest common factor of 1017 and h?
9
Suppose -3*b = 5*c - 364 - 62, b - 2 = 0. What is the greatest common factor of 32 and c?
4
Let o = 26896 + -26888. Let c be (48/(-9))/(8/(-1356)). Calculate the greatest common divisor of c and o.
8
Let k be -3*(1/(-3))/((-17)/(-459)). Suppose 4*r - 239 = 949. What is the highest common factor of r and k?
27
Let i(t) = t**2 - 8*t - 16. Let y be i(7). Let k be y/(-2) - 2/4. What is the greatest common divisor of 297 and k?
11
Suppose 36*n - 87*n + 18425 = -40*n. Calculate the greatest common divisor of 325 and n.
25
Suppose 111*m + 84 = 104*m. Let g = 36 - m. What is the highest common factor of 144 and g?
48
Suppose 4510 = 80*l + 2*l. Let b = 1 + 1. Suppose b*c - a = c + l, 5*c - 2*a = 266. What is the highest common divisor of 13 and c?
13
Let p(c) = 13*c**2 + 347*c + 27. Let h be p(-29). Calculate the highest common factor of 6 and h.
3
Let a = -76 + 64. Let y be 30/(-8)*32/a*1. Let s be 1 - ((-4)/(-14) + (-135)/7). Calculate the highest common factor of y and s.
10
Suppose 0*p = -3*p + 480. Suppose 4*d = 2*d. Suppose 3*m + d - 120 = 0. What is the highest common factor of p and m?
40
Let q be (0/(-3) - -6) + -4. Suppose -5*z - 5 = 0, -g + 2*z - 222 = -q*g. What is the highest common divisor of 14 and g?
14
Let l = -100 + 100. Suppose -13*k + l = -39. Let y = k + 108. What is the greatest common factor of 37 and y?
37
Let f be (2 + -1)*46*(-4 + 15 + -5). Let j = -4 + 16. What is the highest common factor of f and j?
12
Let b = 604 + -606. Let h be 2/b*(-1)/(3/450). What is the greatest common factor of 18 and h?
6
Suppose -c - 140 + 470 = 0. Suppose 3*u - 2*k - 156 = 0, -4*u + 2*k = k - 208. Let x = 82 - u. What is the greatest common divisor of c and x?
30
Suppose -o + 5*o + 5*m - 235 = 0, 5*o - 304 = 4*m. Let b be (3/(-6))/(5/o). Let c be 13 - -18 - b/(-1*2). What is the highest common factor of c and 308?
28
Let d = 4762 + -4692. Suppose 0 = -5*f + 4*y + 891, y - 871 = -f - 4*f. What is the greatest common divisor of d and f?
35
Let t(y) = y**3 - 2*y**2 - 8*y - 5. Let i be t(10). What is the highest common divisor of i and 520?
65
Suppose -384 = -3*z + 36. Suppose 0 = -66*a + 61*a + z. What is the highest common divisor of a and 12?
4
Let z = 597 + -593. Suppose -3*f + f - 328 = -4*a, z*a + f - 340 = 0. Calculate the highest common factor of a and 112.
28
Suppose 96*h - 91*h = 110. Let s(x) = 9*x - 3. Let u be s(15). What is the highest common divisor of h and u?
22
Suppose m - 2*r = 125, 47*r - 48*r + 225 = 2*m. What is the highest common divisor of m and 115?
115
Let g be (-168)/(-35)*(-20)/(-12). Let x be (-4)/4 - (-1448)/g. Calculate the highest common factor of 15 and x.
15
Let c be ((-600)/(-84) + -5)/(2/14). Calculate the highest common divisor of 1635 and c.
15
Suppose 5*k - 5*l + 430 = -l, 340 = -4*k + 4*l. Let y be (7/(-1))/(18/k). Calculate the greatest common divisor of 175 and y.
35
Let q be 17/((-204)/(-3416))*54. Calculate the highest common divisor of 336 and q.
84
Let o = 7147 - 6809. What is the greatest common factor of 6 and o?
2
Let l = 6